1100110 (base 2) in base 4?
3212
Convert -3141021 (base 5) to base 16.
-cd9c
-82ee (base 16) to base 7
-166502
2032 (base 8) to base 15
4a0
What is 13030 (base 6) in base 14?
a02
Convert -11 (base 10) to base 7.
-14
-4204 (base 8) to base 9
-2882
What is -202120 (base 3) in base 11?
-465
What is 5554 (base 8) in base 3?
11000022
-153023 (base 7) to base 2
-111010010100010
Convert 20103 (base 4) to base 15.
256
What is 36065 (base 11) in base 16?
cb0c
What is -314 (base 10) in base 11?
-266
Convert 52443 (base 8) to base 5.
1144140
Convert -3bb (base 12) to base 4.
-20333
What is -22253 (base 7) in base 6?
-42012
Convert 810 (base 12) to base 11.
969
Convert -3151 (base 6) to base 2.
-1011001011
-1964 (base 12) to base 5
-44400
Convert 12022 (base 5) to base 9.
1185
What is -29327 (base 12) in base 16?
-e08f
What is 62137 (base 8) in base 6?
314543
What is -e23 (base 15) in base 9?
-4326
-1054 (base 9) to base 10
-778
Convert -1bb8 (base 12) to base 4.
-311330
-1614 (base 8) to base 15
-408
Convert -67db (base 15) to base 10.
-22031
-1011100110 (base 2) to base 15
-347
What is -1275 (base 9) in base 10?
-959
Convert -700 (base 13) to base 10.
-1183
6c (base 13) to base 16
5a
665 (base 15) to base 6
10405
What is -6127 (base 15) in base 4?
-11000200
What is 243 (base 13) in base 2?
110001001
What is -2020210 (base 3) in base 8?
-3151
Convert -201422 (base 5) to base 14.
-2515
Convert 27142 (base 8) to base 13.
5535
What is 4bc (base 13) in base 2?
1100111111
Convert -1012121011 (base 3) to base 11.
-16944
94 (base 16) to base 3
12111
What is -37644 (base 8) in base 5?
-1010132
-624 (base 8) to base 10
-404
What is -102212 (base 3) in base 10?
-320
Convert 2002 (base 6) to base 16.
1b2
What is 2102021 (base 3) in base 2?
11011100010
120054 (base 6) to base 7
42220
-99 (base 15) to base 4
-2100
Convert -238 (base 13) to base 9.
-467
Convert 20 (base 8) to base 13.
13
What is 15459 (base 10) in base 14?
58c3
211201111 (base 3) to base 13
7702
What is -113015 (base 6) in base 2?
-10011000000011
Convert -3139 (base 12) to base 8.
-12375
Convert 1202001112 (base 3) to base 14.
c704
11366 (base 7) to base 8
5573
Convert -1011111111000 (base 2) to base 5.
-144021
10111 (base 5) to base 9
808
What is -42020 (base 7) in base 13?
-48c8
Convert -1000100100 (base 2) to base 14.
-2b2
What is -1011122 (base 3) in base 7?
-2330
2642 (base 7) to base 14
522
-155 (base 14) to base 12
-1a7
Convert 200010 (base 3) to base 16.
1e9
-432 (base 10) to base 11
-363
371 (base 9) to base 16
133
What is -12434 (base 6) in base 10?
-1894
Convert -11203013 (base 4) to base 15.
-6b02
What is 240231 (base 5) in base 14?
32da
Convert -10000112 (base 3) to base 14.
-b33
Convert -2a86 (base 13) to base 9.
-8442
What is 11122210 (base 3) in base 13?
1713
Convert 64947 (base 10) to base 8.
176663
Convert -220003 (base 4) to base 16.
-a03
-3010 (base 6) to base 15
-2d9
What is 1a043 (base 11) in base 6?
333342
What is 101100000 (base 2) in base 13?
211
What is 8385 (base 10) in base 11?
6333
Convert -62473 (base 9) to base 5.
-2304324
11604 (base 11) to base 12
97ba
What is 12377 (base 9) in base 14?
3072
-349 (base 15) to base 14
-3b2
-403431 (base 5) to base 10
-12991
Convert -223400 (base 6) to base 11.
-13255
What is -7867 (base 11) in base 15?
-3108
442503 (base 6) to base 15
ae03
What is -199a6 (base 13) in base 16?
-c347
Convert -d9b (base 16) to base 2.
-110110011011
-122111121 (base 3) to base 6
-135024
Convert e7 (base 15) to base 7.
430
-10100 (base 2) to base 12
-18
What is 320 (base 12) in base 6?
2040
What is -6002 (base 12) in base 14?
-3aca
Convert -760 (base 8) to base 15.
-231
Convert 1207b (base 14) to base 13.
17058
Convert -26314 (base 7) to base 15.
-212d
-1140 (base 6) to base 3
-101020
14504 (base 14) to base 7
266604
Convert 3316 (base 12) to base 15.
1a09
1323 (base 5) to base 11
184
What is -3585 (base 11) in base 10?
-4691
Convert -11111100111 (base 2) to base 8.
-3747
125560 (base 9) to base 16
129f3
Convert -7b (base 15) to base 16.
-74
Convert -32214 (base 5) to base 14.
-b20
Convert -441 (base 11) to base 15.
-254
Convert -7317 (base 8) to base 12.
-223b
What is 2346 (base 13) in base 8?
11537
Convert -112db (base 14) to base 12.
-201a9
What is 457 (base 11) in base 6?
2310
What is 1052 (base 8) in base 7?
1421
What is -536 (base 11) in base 5?
-10034
Convert 1343a (base 15) to base 14.
186b7
Convert -1fd (base 16) to base 3.
-200212
What is 12c (base 13) in base 14?
10b
-107a (base 15) to base 3
-11210021
Convert 33551 (base 8) to base 13.
65c2
What is 143200 (base 5) in base 3?
22022002
What is 51341 (base 6) in base 14?
26bb
61 (base 10) to base 16
3d
Convert -1112202202 (base 3) to base 10.
-30449
Convert 1212222 (base 5) to base 12.
11250
-2c52 (base 16) to base 2
-10110001010010
101011110110001 (base 2) to base 3
1010210110
What is 13232 (base 4) in base 6?
2142
Convert 239 (base 15) to base 2.
111111000
What is -3d62 (base 14) in base 10?
-10866
What is -124301 (base 6) in base 3?
-120120001
What is -4a1 (base 12) in base 11?
-584
What is -284 (base 15) in base 3?
-210021
Convert 1203 (base 7) to base 16.
1bc
-25bb (base 16) to base 3
-111020202
-41182 (base 9) to base 2
-110100111111000
Convert -781 (base 13) to base 15.
-5ad
What is 1643 (base 7) in base 14?
35a
What is -382 (base 11) in base 3?
-121210
What is 10100101101000 (base 2) in base 3?
112112121
-11122 (base 3) to base 7
-236
Convert 13000 (base 8) to base 14.
20a4
Convert 233114 (base 5) to base 11.
6459
22210 (base 4) to base 11
565
What is 30b (base 12) in base 14?
239
Convert 100122201 (base 3) to base 10.
7039
Convert 11101001 (base 2) to base 5.
1413
Convert 532 (base 10) to base 11.
444
16620 (base 9) to base 6
124543
Convert -e83e (base 16) to base 2.
-1110100000111110
What is 39994 (base 10) in base 13?
15286
2021 (base 4) to base 13
a7
Convert 2353 (base 13) to base 7.
20326
What is 617 (base 16) in base 8?
3027
What is -a86d (base 16) in base 8?
-124155
What is 13407 (base 11) in base 5?
1103000
Convert -1310 (base 10) to base 7.
-3551
What is -21032 (base 4) in base 15?
-295
Convert -30443 (base 8) to base 2.
-11000100100011
Convert 10102211 (base 3) to base 5.
40011
-312001 (base 6) to base 15
-7657
Convert -1011111101 (base 2) to base 11.
-636
What is 3233 (base 5) in base 16?
1bb
What is -9868 (base 10) in base 14?
-384c
What is 307 (base 12) in base 16?
1b7
-1431 (base 7) to base 10
-561
What is 40303 (base 6) in base 9?
7233
What is -2320 (base 4) in base 7?
-352
Convert 235044 (base 6) to base 14.
76ba
8a2 (base 15) to base 12
1168
What is -3054 (base 7) in base 9?
-1416
-334 (base 9) to base 13
-181
-89b (base 14) to base 4
-122221
101001100011001 (base 2) to base 10
21273
What is 20034 (base 9) in base 5?
410103
What is -468 (base 11) in base 5?
-4213
Convert -115b6 (base 12) to base 16.
-5b1a
What is 3624 (base 13) in base 16?
1dd3
27c (base 13) to base 3
121100
177 (base 14) to base 4
10231
What is 253016 (base 7) in base 9?
71005
11332 (base 5) to base 9
1135
11011111 (base 2) to base 15
ed
2068 (base 13) to base 6
32424
23341 (base 6) to base 16
d2d
Convert -167d (base 15) to base 2.
-1001011101011
What is 21101221 (base 3) in base 9?
7357
What is -2a4 (base 12) in base 3?
-120021
What is -5b6a (base 12) in base 6?
-115414
Convert -211210221 (base 3) to base 10.
-16630
Convert 101 (base 10) to base 8.
145
-1231 (base 5) to base 2
-10111111
22c (base 15) to base 12
350
Convert -31752 (base 9) to base 5.
-1133101
What is -4133 (base 5) in base 8?
-1037
What is -159 (base 10) in base 15?
-a9
2044 (base 5) to base 14
158
462 (base 7) to base 14
132
What is -10594 (base 11) in base 15?
-4834
What is 311012 (base 4) in base 5?
102043
Convert -736 (base 8) to base 11.
-3a5
9c (base 16) to base 4
2130
What is 693 (base 14) in base 6?
10013
1334 (base 12) to base 6
14104
-100000000001 (base 2) to base 5
-31144
Convert 132110 (base 4) to base 15.
895
Convert -726 (base 15) to base 11.
-1235
591 (base 14) to base 15
4dc
What is 1100100000 (base 2) in base 12?
568
What is -11220 (base 3) in base 5?
-1012
Convert -110223 (base 5) to base 9.
-5206
What is 4c2 (base 16) in base 10?
1218
What is 138 (base 15) in base 9?
338
Convert -1333 (base 13) to base 16.
-aba
11216